t is the remainder when 4450 is divided by 1872?
706
What is the remainder when 141313 is divided by 412?
409
What is the remainder when 5083 is divided by 1016?
3
Calculate the remainder when 165885 is divided by 91.
83
What is the remainder when 65498 is divided by 524?
522
Calculate the remainder when 176375 is divided by 16034.
1
What is the remainder when 16251 is divided by 3738?
1299
Calculate the remainder when 119861 is divided by 59926.
9
What is the remainder when 4191 is divided by 3553?
638
What is the remainder when 21898 is divided by 666?
586
What is the remainder when 11757425 is divided by 19?
16
What is the remainder when 39398 is divided by 71?
64
Calculate the remainder when 110474 is divided by 11047.
4
Calculate the remainder when 464284 is divided by 162.
154
What is the remainder when 5317 is divided by 2523?
271
Calculate the remainder when 290154 is divided by 229.
11
What is the remainder when 343563 is divided by 197?
192
What is the remainder when 5783 is divided by 964?
963
What is the remainder when 21310 is divided by 1?
0
What is the remainder when 101527 is divided by 13?
10
What is the remainder when 5703 is divided by 639?
591
What is the remainder when 1025 is divided by 196?
45
Calculate the remainder when 191876 is divided by 130.
126
Calculate the remainder when 545 is divided by 90.
5
Calculate the remainder when 3522 is divided by 110.
2
What is the remainder when 1301177 is divided by 34?
31
What is the remainder when 38957 is divided by 295?
17
Calculate the remainder when 17735 is divided by 224.
39
Calculate the remainder when 1358 is divided by 1321.
37
What is the remainder when 206476 is divided by 2908?
8
Calculate the remainder when 2130 is divided by 1062.
6
What is the remainder when 18144 is divided by 2565?
189
What is the remainder when 5787 is divided by 964?
3
Calculate the remainder when 1674 is divided by 1420.
254
What is the remainder when 35290 is divided by 4410?
10
What is the remainder when 44503 is divided by 44490?
13
What is the remainder when 3839 is divided by 713?
274
Calculate the remainder when 393848 is divided by 43758.
26
Calculate the remainder when 3921 is divided by 156.
21
What is the remainder when 567 is divided by 58?
45
What is the remainder when 11020 is divided by 1093?
90
Calculate the remainder when 2087673 is divided by 179.
175
What is the remainder when 32676 is divided by 16264?
148
What is the remainder when 20575 is divided by 438?
427
Calculate the remainder when 25334 is divided by 206.
202
Calculate the remainder when 477 is divided by 85.
52
Calculate the remainder when 18951 is divided by 29.
14
What is the remainder when 6363 is divided by 1500?
363
What is the remainder when 125767 is divided by 5711?
125
What is the remainder when 231725 is divided by 66?
65
Calculate the remainder when 53430 is divided by 119.
118
What is the remainder when 79335 is divided by 315?
270
Calculate the remainder when 5852 is divided by 1137.
167
What is the remainder when 1259 is divided by 5?
4
What is the remainder when 1810 is divided by 121?
116
What is the remainder when 2040 is divided by 411?
396
Calculate the remainder when 171802 is divided by 939.
904
Calculate the remainder when 248 is divided by 78.
14
What is the remainder when 5773 is divided by 48?
13
What is the remainder when 4947 is divided by 90?
87
Calculate the remainder when 7251 is divided by 112.
83
What is the remainder when 112459 is divided by 27?
4
Calculate the remainder when 424077 is divided by 60.
57
What is the remainder when 459 is divided by 212?
35
Calculate the remainder when 62166 is divided by 2589.
30
What is the remainder when 15102 is divided by 166?
162
Calculate the remainder when 14008 is divided by 374.
170
Calculate the remainder when 3708 is divided by 64.
60
Calculate the remainder when 161221 is divided by 88.
5
What is the remainder when 344 is divided by 327?
17
What is the remainder when 13475 is divided by 102?
11
What is the remainder when 112592 is divided by 132?
128
What is the remainder when 1558163 is divided by 23256?
11
Calculate the remainder when 36439 is divided by 84.
67
What is the remainder when 109647 is divided by 129?
126
Calculate the remainder when 647 is divided by 80.
7
Calculate the remainder when 96746 is divided by 156.
26
Calculate the remainder when 44970 is divided by 1872.
42
What is the remainder when 133495 is divided by 24?
7
Calculate the remainder when 11411 is divided by 760.
11
Calculate the remainder when 7065 is divided by 36.
9
Calculate the remainder when 456934 is divided by 3.
1
Calculate the remainder when 369 is divided by 366.
3
Calculate the remainder when 3069757 is divided by 5.
2
What is the remainder when 28391 is divided by 838?
737
What is the remainder when 15783 is divided by 127?
35
What is the remainder when 1936543 is divided by 146?
145
What is the remainder when 13920 is divided by 53?
34
What is the remainder when 116492 is divided by 6848?
76
Calculate the remainder when 124102 is divided by 12409.
12
What is the remainder when 21046 is divided by 2978?
200
What is the remainder when 5640 is divided by 5546?
94
Calculate the remainder when 4337 is divided by 1098.
1043
What is the remainder when 7353 is divided by 424?
145
What is the remainder when 28287 is divided by 1570?
27
Calculate the remainder when 310 is divided by 63.
58
What is the remainder when 260942 is divided by 260885?
57
Calculate the remainder when 75380 is divided by 1125.
5
What is the remainder when 41751 is divided by 4?
3
Calculate the remainder when 47184 is divided by 21.
18
Calculate the remainder when 716 is divided by 631.
85
What is the remainder when 1251 is divided by 237?
66
What is the remainder when 51243 is divided by 136?
107
Calculate the remainder when 4149 is divided by 566.
187
Calculate the remainder when 9279 is divided by 4634.
11
What is the remainder when 730 is divided by 111?
64
What is the remainder when 299 is divided by 270?
29
Calculate the remainder when 30838 is divided by 120.
118
What is the remainder when 5552 is divided by 157?
57
What is the remainder when 892621 is divided by 16?
13
Calculate the remainder when 8033 is divided by 502.
1
What is the remainder when 10057 is divided by 113?
0
What is the remainder when 48788 is divided by 255?
83
Calculate the remainder when 506 is divided by 231.
44
What is the remainder when 61049 is divided by 29?
4
What is the remainder when 163431 is divided by 163422?
9
What is the remainder when 1358 is divided by 310?
118
What is the remainder when 1452 is divided by 103?
10
Calculate the remainder when 670 is divided by 177.
139
What is the remainder when 48738 is divided by 75?
63
What is the remainder when 81626 is divided by 20405?
6
Calculate the remainder when 2127 is divided by 887.
353
Calculate the remainder when 52872 is divided by 17598.
78
Calculate the remainder when 7032 is divided by 3446.
140
Calculate the remainder when 127204 is divided by 103.
102
Calculate the remainder when 782 is divided by 686.
96
Calculate the remainder when 6283 is divided by 1252.
23
What is the remainder when 14166 is divided by 4?
2
Calculate the remainder when 587 is divided by 115.
12
What is the remainder when 797363 is divided by 18?
17
What is the remainder when 44349 is divided by 143?
19
What is the remainder when 39706 is divided by 39678?
28
What is the remainder when 5092 is divided by 174?
46
What is the remainder when 726 is divided by 678?
48
What is the remainder when 546 is divided by 206?
134
What is the remainder when 3480 is divided by 290?
0
Calculate the remainder when 672321 is divided by 123.
3
What is the remainder when 3707 is divided by 17?
1
What is the remainder when 116935 is divided by 1314?
1303
What is the remainder when 980 is divided by 12?
8
What is the remainder when 8312 is divided by 1268?
704
Calculate the remainder when 4180 is divided by 439.
229
Calculate the remainder when 648 is divided by 301.
46
Calculate the remainder when 10347 is divided by 50.
47
What is the remainder when 103177 is divided by 134?
131
Calculate the remainder when 906289 is divided by 76.
65
What is the remainder when 72317 is divided by